
2, 41, 21579629
What are the prime factors of 1450305563?
7, 83, 929, 2687
What are the prime factors of 177835698?
2, 3, 433, 22817
List the prime factors of 34497765.
3, 5, 47, 5437
What are the prime factors of 19100228?
2, 7, 682151
What are the prime factors of 5743798416?
2, 3, 39887489
What are the prime factors of 107862670?
2, 5, 10786267
List the prime factors of 1099828528.
2, 19, 3617857
List the prime factors of 33967483.
11, 347, 809
List the prime factors of 55202135.
5, 373, 29599
What are the prime factors of 2802916668?
2, 3, 233576389
List the prime factors of 537479794.
2, 29, 1367, 6779
List the prime factors of 484629010.
2, 5, 19, 283, 9013
List the prime factors of 4427530295.
5, 241, 3674299
What are the prime factors of 382092213?
3, 127364071
What are the prime factors of 227804009?
227804009
What are the prime factors of 54352947?
3, 11, 1647059
What are the prime factors of 15093214?
2, 7546607
What are the prime factors of 891662232?
2, 3, 37152593
What are the prime factors of 234601746?
2, 3, 479, 81629
List the prime factors of 60129531.
3, 7, 11, 86767
What are the prime factors of 238830688?
2, 17, 47, 9341
What are the prime factors of 182425165?
5, 13, 179, 15679
What are the prime factors of 3399595511?
13, 239, 379, 2887
List the prime factors of 37738419.
3, 17, 739969
What are the prime factors of 221122110?
2, 3, 5, 11, 67, 73, 137
List the prime factors of 1709374440.
2, 3, 5, 241, 59107
List the prime factors of 29675396.
2, 7418849
What are the prime factors of 3233115816?
2, 3, 7, 89, 216233
What are the prime factors of 7691362?
2, 7, 47, 11689
List the prime factors of 5179510752.
2, 3, 13, 31, 83, 1613
List the prime factors of 61165261.
163, 375247
What are the prime factors of 28094557?
17, 97213
List the prime factors of 140471653.
7, 20067379
List the prime factors of 291925561.
281, 1038881
What are the prime factors of 323255893?
193, 1674901
What are the prime factors of 1488466206?
2, 3, 23, 399481
What are the prime factors of 4569435963?
3, 71, 107, 22277
List the prime factors of 2950758124.
2, 61, 12093271
What are the prime factors of 295746185?
5, 7, 421, 20071
List the prime factors of 7958411.
643, 12377
List the prime factors of 4109544294.
2, 3, 67, 239, 42773
List the prime factors of 111913329.
3, 11, 17, 199489
What are the prime factors of 465972053?
47, 107, 92657
What are the prime factors of 1926776257?
7, 53, 1789, 2903
List the prime factors of 3729363390.
2, 3, 5, 101, 163, 839
List the prime factors of 229560307.
139, 1651513
List the prime factors of 68292182.
2, 7, 79, 8821
What are the prime factors of 1375161458?
2, 11, 62507339
List the prime factors of 62790510.
2, 3, 5, 29, 72173
List the prime factors of 230389405.
5, 89, 517729
What are the prime factors of 922970346?
2, 3, 153828391
List the prime factors of 3207442060.
2, 5, 19, 8440637
What are the prime factors of 22103264?
2, 17, 41, 991
What are the prime factors of 572615893?
572615893
What are the prime factors of 894428083?
894428083
What are the prime factors of 264031598?
2, 132015799
List the prime factors of 6330974265.
3, 5, 7, 11, 1123, 1627
What are the prime factors of 110995859?
13, 8538143
List the prime factors of 232499090.
2, 5, 29, 569, 1409
List the prime factors of 303183850.
2, 5, 53, 191, 599
What are the prime factors of 187323776?
2, 23, 63629
What are the prime factors of 101346658?
2, 7, 7239047
What are the prime factors of 1494781389?
3, 17, 37, 71, 3719
List the prime factors of 123580919.
7, 11, 29, 55343
List the prime factors of 6611728643.
13, 15907, 31973
What are the prime factors of 4130706397?
4130706397
List the prime factors of 86125443.
3, 28708481
What are the prime factors of 56221916?
2, 14055479
List the prime factors of 948044151.
3, 17, 823, 7529
What are the prime factors of 152271354?
2, 3, 37, 685907
List the prime factors of 53685227.
53685227
What are the prime factors of 2213701594?
2, 13, 59, 8539
List the prime factors of 379820122.
2, 11, 31, 103, 5407
What are the prime factors of 59590863?
3, 2207069
What are the prime factors of 2217308858?
2, 1108654429
List the prime factors of 27568114.
2, 7, 31, 63521
What are the prime factors of 49052959?
797, 61547
What are the prime factors of 22761091?
149, 173, 883
List the prime factors of 851436323.
317, 1217, 2207
What are the prime factors of 98704667?
98704667
List the prime factors of 54383190.
2, 3, 5, 1812773
List the prime factors of 263123277.
3, 87707759
List the prime factors of 296760344.
2, 37095043
What are the prime factors of 4359442731?
3, 7, 383, 77431
What are the prime factors of 699597691?
13, 53815207
What are the prime factors of 1063331863?
11, 37, 79, 33071
List the prime factors of 8673134971.
163, 769, 69193
List the prime factors of 445294194.
2, 3, 41, 67, 27017
List the prime factors of 538516902.
2, 3, 7, 11, 223, 5227
List the prime factors of 277346474.
2, 43, 97, 33247
What are the prime factors of 92083557?
3, 19, 1615501
What are the prime factors of 298592984?
2, 37324123
What are the prime factors of 425439964?
2, 79, 389, 3461
List the prime factors of 266867537.
12539, 21283
What are the prime factors of 1703664520?
2, 5, 17, 31, 80819
What are the prime factors of 3686187?
3, 23, 41, 1303
What are the prime factors of 939349251?
3, 34790713
What are the prime factors of 2342049267?
3, 23, 33942743
What are the prime factors of 594452940?
2, 3, 5, 17, 23, 25339
List the prime factors of 1986512797.
18749, 105953
What are the prime factors of 144795930?
2, 3, 5, 4826531
What are the prime factors of 218088069?
3, 31, 2345033
List the prime factors of 151843365.
3, 5, 3374297
List the prime factors of 253123639.
1549, 163411
What are the prime factors of 57275848?
2, 7, 31, 32993
List the prime factors of 212582735.
5, 19, 53, 42221
What are the prime factors of 5823259319?
37, 157385387
What are the prime factors of 5502081141?
3, 41, 4970263
What are the prime factors of 325450032?
2, 3, 563, 12043
What are the prime factors of 50917607?
13, 23, 170293
What are the prime factors of 407316775?
5, 19, 23, 1621
What are the prime factors of 984593673?
3, 7, 15628471
List the prime factors of 49301703.
3, 11, 55333
What are the prime factors of 3745316076?
2, 3, 103, 3030191
What are the prime factors of 563573236?
2, 5503, 25603
List the prime factors of 495607830.
2, 3, 5, 113, 146197
What are the prime factors of 249392014?
2, 8969, 13903
List the prime factors of 49408441.
49408441
List the prime factors of 363024599.
7, 223, 313, 743
List the prime factors of 589857925.
5, 17, 31, 44771
What are the prime factors of 1645310789?
1645310789
List the prime factors of 54448300.
2, 5, 19, 28657
List the prime factors of 207983910.
2, 3, 5, 631, 10987
What are the prime factors of 872354735?
5, 7, 37, 79, 8527
List the prime factors of 327405016.
2, 2953, 13859
List the prime factors of 295400877.
3, 797, 123547
What are the prime factors of 2275247805?
3, 5, 1451, 104537
List the prime factors of 374726467.
43, 79, 110311
What are the prime factors of 409788733?
173, 443, 5347
What are the prime factors of 1683159509?
1683159509
List the prime factors of 1778646338.
2, 7, 41, 3098687
List the prime factors of 30190734.
2, 3, 7, 19, 12611
What are the prime factors of 3414989841?
3, 21523, 52889
List the prime factors of 4361306450.
2, 5, 6199, 14071
List the prime factors of 98877904.
2, 1123, 5503
What are the prime factors of 38032130?
2, 5, 179, 21247
What are the prime factors of 141671994?
2, 3, 23611999
What are the prime factors of 115715469?
3, 167, 230969
What are the prime factors of 712047470?
2, 5, 347, 205201
List the prime factors of 293186030.
2, 5, 1063, 27581
What are the prime factors of 187822627?
241, 779347
List the prime factors of 5675250209.
43, 67, 1969889
What are the prime factors of 2798095629?
3, 7, 19, 7012771
What are the prime factors of 99298972?
2, 17, 37, 61, 647
What are the prime factors of 110549472?
2, 3, 11, 31, 307
List the prime factors of 56613212.
2, 23, 173, 3557
List the prime factors of 5435221906.
2, 12757, 213029
What are the prime factors of 2644103825?
5, 11, 9614923
What are the prime factors of 376807520?
2, 